ulate the remainder when 250223 is divided by 12.
11
Calculate the remainder when 194655 is divided by 16.
15
Calculate the remainder when 9715 is divided by 3216.
67
What is the remainder when 2524 is divided by 279?
13
Calculate the remainder when 7643 is divided by 452.
411
Calculate the remainder when 9644 is divided by 30.
14
Calculate the remainder when 1401293 is divided by 208.
205
What is the remainder when 1205673 is divided by 34?
33
Calculate the remainder when 230 is divided by 179.
51
What is the remainder when 4089 is divided by 668?
81
Calculate the remainder when 20457 is divided by 60.
57
Calculate the remainder when 1628 is divided by 56.
4
What is the remainder when 5641 is divided by 1723?
472
Calculate the remainder when 2945 is divided by 39.
20
Calculate the remainder when 210747 is divided by 281.
278
What is the remainder when 27508 is divided by 210?
208
Calculate the remainder when 50067 is divided by 7146.
45
What is the remainder when 859803 is divided by 23?
17
What is the remainder when 833975 is divided by 54?
53
Calculate the remainder when 8207 is divided by 107.
75
Calculate the remainder when 23236 is divided by 325.
161
What is the remainder when 5894 is divided by 27?
8
What is the remainder when 7985 is divided by 7881?
104
Calculate the remainder when 3265 is divided by 1053.
106
What is the remainder when 244962 is divided by 199?
192
Calculate the remainder when 6709 is divided by 2960.
789
What is the remainder when 46689 is divided by 572?
357
What is the remainder when 311811 is divided by 44544?
3
What is the remainder when 12741 is divided by 400?
341
What is the remainder when 7257 is divided by 299?
81
Calculate the remainder when 27792 is divided by 695.
687
What is the remainder when 105935 is divided by 35?
25
What is the remainder when 26729 is divided by 9?
8
What is the remainder when 23972 is divided by 337?
45
What is the remainder when 89100 is divided by 29690?
30
What is the remainder when 332162 is divided by 21?
5
Calculate the remainder when 9127 is divided by 1025.
927
Calculate the remainder when 19133 is divided by 104.
101
What is the remainder when 6799 is divided by 2165?
304
What is the remainder when 71481 is divided by 347?
346
Calculate the remainder when 4344 is divided by 163.
106
Calculate the remainder when 52393 is divided by 347.
343
Calculate the remainder when 344407 is divided by 477.
13
Calculate the remainder when 57342 is divided by 896.
894
Calculate the remainder when 33236 is divided by 32927.
309
Calculate the remainder when 228 is divided by 80.
68
What is the remainder when 57530 is divided by 38?
36
What is the remainder when 257730 is divided by 249?
15
Calculate the remainder when 8803387 is divided by 295.
292
What is the remainder when 14139 is divided by 1174?
51
What is the remainder when 1593 is divided by 76?
73
What is the remainder when 538135 is divided by 49?
17
Calculate the remainder when 2092 is divided by 81.
67
What is the remainder when 1183 is divided by 52?
39
What is the remainder when 6057 is divided by 5877?
180
Calculate the remainder when 1322 is divided by 245.
97
Calculate the remainder when 6768432 is divided by 28.
20
Calculate the remainder when 89390 is divided by 21.
14
What is the remainder when 723505 is divided by 38?
23
What is the remainder when 2057 is divided by 4?
1
What is the remainder when 3630 is divided by 1204?
18
What is the remainder when 50647 is divided by 13?
12
What is the remainder when 1335 is divided by 722?
613
Calculate the remainder when 244774 is divided by 564.
562
What is the remainder when 27507 is divided by 56?
11
Calculate the remainder when 8921 is divided by 152.
105
What is the remainder when 3862048 is divided by 6?
4
Calculate the remainder when 2028 is divided by 518.
474
What is the remainder when 59303 is divided by 42?
41
Calculate the remainder when 68799 is divided by 86.
85
What is the remainder when 2550 is divided by 819?
93
What is the remainder when 91197 is divided by 707?
701
What is the remainder when 8162 is divided by 59?
20
What is the remainder when 96256 is divided by 11?
6
Calculate the remainder when 5097 is divided by 2474.
149
Calculate the remainder when 21145 is divided by 168.
145
What is the remainder when 2362 is divided by 536?
218
Calculate the remainder when 8152 is divided by 145.
32
What is the remainder when 8870 is divided by 8773?
97
What is the remainder when 6528 is divided by 557?
401
Calculate the remainder when 7655 is divided by 476.
39
Calculate the remainder when 6279 is divided by 6.
3
Calculate the remainder when 4118 is divided by 139.
87
What is the remainder when 5742 is divided by 123?
84
What is the remainder when 7145 is divided by 256?
233
Calculate the remainder when 29869 is divided by 171.
115
Calculate the remainder when 10668 is divided by 107.
75
What is the remainder when 11265 is divided by 748?
45
Calculate the remainder when 934615 is divided by 1083.
1069
Calculate the remainder when 265747 is divided by 4.
3
Calculate the remainder when 3757 is divided by 45.
22
Calculate the remainder when 173924 is divided by 20.
4
Calculate the remainder when 1180525 is divided by 116.
109
Calculate the remainder when 855 is divided by 150.
105
What is the remainder when 11625 is divided by 72?
33
Calculate the remainder when 153307 is divided by 96.
91
What is the remainder when 12600 is divided by 600?
0
What is the remainder when 152 is divided by 99?
53
Calculate the remainder when 32060 is divided by 28.
0
Calculate the remainder when 205608 is divided by 276.
264
What is the remainder when 3008 is divided by 629?
492
Calculate the remainder when 1207 is divided by 707.
500
Calculate the remainder when 200750 is divided by 16726.
38
Calculate the remainder when 18597 is divided by 18428.
169
What is the remainder when 10452 is divided by 18?
12
What is the remainder when 75816 is divided by 133?
6
What is the remainder when 1556430 is divided by 207?
204
What is the remainder when 11803 is divided by 1673?
92
Calculate the remainder when 199 is divided by 194.
5
What is the remainder when 4546 is divided by 33?
25
Calculate the remainder when 7258 is divided by 888.
154
Calculate the remainder when 88636 is divided by 140.
16
Calculate the remainder when 6666 is divided by 6637.
29
What is the remainder when 199182 is divided by 271?
268
What is the remainder when 107534 is divided by 188?
186
What is the remainder when 23718 is divided by 7901?
15
Calculate the remainder when 2729 is divided by 21.
20
What is the remainder when 1521468 is divided by 53?
50
Calculate the remainder when 104497 is divided by 125.
122
Calculate the remainder when 30491 is divided by 30368.
123
Calculate the remainder when 15997 is divided by 262.
15
What is the remainder when 200439 is divided by 66801?
36
What is the remainder when 105934 is divided by 1470?
94
What is the remainder when 159515 is divided by 159508?
7
What is the remainder when 125712 is divided by 197?
26
Calculate the remainder when 2093 is divided by 939.
215
Calculate the remainder when 22195 is divided by 586.
513
What is the remainder when 69181 is divided by 31?
20
Calculate the remainder when 14102 is divided by 9.
8
What is the remainder when 2252 is divided by 229?
191
What is the remainder when 9122 is divided by 44?
14
Calculate the remainder when 161165 is divided by 1852.
41
What is the remainder when 7240 is divided by 3607?
26
What is the remainder when 3769 is divided by 1222?
103
Calculate the remainder when 3337 is divided by 332.
17
What is the remainder when 1180267 is divided by 536?
531
What is the remainder when 25534 is divided by 2553?
4
What is the remainder when 2856 is divided by 168?
0
What is the remainder when 1211 is divided by 1195?
16
Calculate the remainder when 5528 is divided by 789.
5
What is the remainder when 10036 is divided by 277?
64
Calculate the remainder when 411253 is divided by 504.
493
What is the remainder when 22961 is divided by 16?
1
Calculate the remainder when 3078 is divided by 70.
68
What is the remainder when 70175 is divided by 23379?
38
Calculate the remainder when 173474 is divided by 751.
744
What is the remainder